 4*s**2 - 4*s - 6. Calculate u(v).
10
Let m(j) = 4*j + 2. Suppose -2*f - f = -l + 6, -4*f - 15 = l. Calculate m(l).
-10
Let y(l) = 3 + 1 - 5 + 4*l + 0. What is y(2)?
7
Let o(y) be the first derivative of -1/6*y**4 + 0*y - 1/20*y**5 - 4 - 1/3*y**3 - 1/360*y**6 + 0*y**2. Let x(z) be the third derivative of o(z). What is x(-3)?
5
Let g(n) = -7*n**2 + 3*n + 17. Let a(w) = 3*w**2 - 2*w - 8. Let f(x) = -5*a(x) - 2*g(x). Let k be f(5). Let p(t) = -3*t - 1. Calculate p(k).
-4
Let g(x) = x**2 - 6*x + 4. Let u be g(6). Let t(q) be the first derivative of -1/4*q**u + 3 + 4*q - 5/3*q**3 - q**2. Determine t(-4).
-4
Let p(k) be the second derivative of -k**3/6 + k**2/2 + 13*k. Determine p(-2).
3
Let c(v) = -8*v**3 - 5*v**2 - 6*v - 3. Let l(f) = -3*f**3 - 2*f**2 - 2*f - 1. Let t be (-119)/11 - (-4)/(-22). Let n(m) = t*l(m) + 4*c(m). Calculate n(2).
11
Let y = -30 + 31. Let v(r) be the first derivative of 4*r**3/3 + r**2/2 + 1. Give v(y).
5
Let m(c) = c**2 - 3*c - 6. Let d = -1 - -4. Suppose -3*r - 35 = a, -a - d*r + 117 = -4*a. Let f be a/(-8) + (-2)/(-8). What is m(f)?
4
Suppose -6*h + 12 = j - 3*h, 6 = 2*h. Suppose 0*v - j*z = 2*v - 36, -3*z = 5*v - 72. Let x be (1 - 0)/((-3)/v). Let w(t) = 4*t + 4. What is w(x)?
-12
Let n(v) = v**3 - 2*v**2 - 5*v + 2. Let f = 23 - 9. Let a = f + -11. Give n(a).
-4
Let h(z) = 2*z + 17. Let r be h(-8). Let x(q) be the second derivative of 2*q + 0 - 1/6*q**3 - 2/5*q**5 + 0*q**2 + 0*q**4. What is x(r)?
-9
Let m(v) = v**2 - 3*v + 3. Let f(j) = -j**3 + 8*j**2 + 2. Suppose z - 4 = -0. Suppose z*b = -0*b + 32. Let p be f(b). What is m(p)?
1
Let w(a) = a - 5. Let h be w(6). Let i = 0 - h. Let m(b) = 6*b**2 - 1. Let j(c) = -5*c**2 + 1. Let x(u) = -3*j(u) - 2*m(u). What is x(i)?
2
Let c be (-11)/(-3) - 12/(-9). Let l(w) = w**2 - 7*w + 3. What is l(c)?
-7
Suppose 2 - 6 = k. Let g(c) = -7*c**2 + 13*c - 3. Let i(h) = -3*h**2 + 6*h - 1. Let j(q) = 4*g(q) - 9*i(q). Determine j(k).
-11
Let r = 141 - 146. Let n(w) = w**3 + 6*w**2 + 3*w - 1. Calculate n(r).
9
Let h(l) = -3*l**2 - 2*l + 9. Let m(v) = 0*v + 3*v**2 + v**2 + 0*v + v - 10. Let g(o) = 5*h(o) + 4*m(o). Determine g(4).
-3
Let o(m) = -24*m + 16. Let t(q) = 5*q - 1. Let i be t(-2). Let g(l) = 5*l - 3. Let v(z) = i*g(z) - 2*o(z). Determine v(1).
-6
Let h(d) = 5*d**3 - 16*d**2 - 24*d - 17. Let o(c) = -2*c**3 + 5*c**2 + 8*c + 6. Let q(t) = 3*h(t) + 8*o(t). Determine q(-7).
4
Let v(m) = m**2 + 3*m + 7. Suppose -r = -0*r + 6. Let t(h) = -h**2 - 4*h - 8. Let q(k) = r*t(k) - 7*v(k). Let x(c) = c**2 - 2*c - 2. Let o be x(3). Give q(o).
1
Suppose -x + 20 = -3*x. Let j = x + 15. Let q(o) = 2*o - 7. What is q(j)?
3
Let o(m) = 3*m - 5. Suppose -4*b - 49 = -5. Let d(z) = -16*z + 26. Let r(n) = b*o(n) - 2*d(n). Let u = 8 + -4. What is r(u)?
-1
Let q(l) be the third derivative of -l**6/40 + l**5/60 - l**3/6 + 5*l**2. Let c(i) = i**3 - 4*i**2 + 3*i + 1. Let s be c(3). Give q(s).
-3
Suppose -15 = 4*h + 1. Let n = -7 - h. Let i(u) = u**3 + 3*u**2 + 2*u + 1. What is i(n)?
-5
Let a = 4 + 0. Let k(c) = a*c - 1 + c - 4*c + c. Give k(1).
1
Let j(q) = q + 1. Let n(f) = f - 3. Let c(h) = -4*j(h) - n(h). Suppose 0 = -3*b - 3*x, 7*b - 2*x - 7 = 2*b. Give c(b).
-6
Let q(y) be the first derivative of y**2/2 + 5*y + 11. Determine q(-8).
-3
Let q = 34 - 40. Let r(y) = -y**2 - 6*y - 5. Determine r(q).
-5
Let k(h) = -1 + 8 - h + h**3 - 9 - 3*h**2. What is k(4)?
10
Let c(g) = -g**2 + g - 1. Let m(r) = -2*r**2 + 7*r - 2. Let j(o) = c(o) - m(o). Calculate j(5).
-4
Let c(t) be the first derivative of -3*t**2/2 + t - 12. Give c(2).
-5
Let y(t) = t**2 - t + 4. Let s = 40 + -43. Determine y(s).
16
Suppose 16 = 6*f - 4*f. Let j(r) = -r**3 + 7*r**2 + 7*r + 2. Let y be j(f). Let t(a) = -a + 3. Give t(y).
9
Suppose -3*u - 2*p + 17 = 0, -5*u + p + 3 = -2*p. Suppose -u*o + o = -10. Let j(z) = z**2 - 5*z - 2. Determine j(o).
-2
Let j(r) = -r + 11. Let a be j(5). Suppose -4*x + 4*f + 16 = 0, -x - 3*f = -2*x + a. Let l(z) = z + 4. Let k(n) = -3. Let w(u) = 3*k(u) + 2*l(u). Give w(x).
5
Let r(y) = y + 6. Let f be r(-3). Let a(p) = -28*p**2 - 3 + 14*p**2 + 13*p**2. What is a(f)?
-12
Let o = 5 - 3. Let p(j) = -2 - o*j + 8 + 0. What is p(4)?
-2
Suppose 2*f = c - 1 + 4, -5*f + 20 = 0. Let q(s) = -5*s**2 - 8*s - 21. Let x(d) = 2 - 10 - 3 - 4*d - 3*d**2. Let g(a) = 4*q(a) - 7*x(a). Calculate g(c).
-2
Let t = -38 + 37. Let d(z) = -12*z**2 - 2*z - 1. Give d(t).
-11
Let b(g) = 2*g + 6. Let j be 5/1*6/(-5). What is b(j)?
-6
Let p(z) = 7*z + 1. Let d be -2 + 3 + 2/1. Let x = d - 2. Determine p(x).
8
Suppose 3*x + 5*g - 8 = -0*x, g - 5 = -4*x. Let b be x/(-4)*-2*6. Let k(c) be the third derivative of -c**6/120 + c**5/30 + c**4/6 + c**2. Calculate k(b).
3
Let x(p) = -p**2 + 2*p - 1. Let h(l) = -l**3 + 13*l**2 - 12*l + 2. Let n be h(12). What is x(n)?
-1
Let g(d) = d**2 + d - 1. Suppose 4*k - 8 = 8*k. Let n(z) be the third derivative of z**5/60 + z**4/12 + z**3/3 + z**2. Let o be n(k). Calculate g(o).
5
Let u(a) = 3*a**3 - a**2 + 5*a - 2. Let v(t) = t**3 + t. Let n(r) = -u(r) + 4*v(r). Let h(p) = -p - 11. Let c be h(-9). Calculate n(c).
0
Let y(o) be the first derivative of o**3/3 - 2*o**2 + 10. What is y(4)?
0
Let b(l) = -l**3 - 7*l**2 - 8*l - 8. Let a = -9 - -3. Give b(a).
4
Let r(n) = 154*n - 155*n + 2 + 3. What is r(-9)?
14
Let r(t) = t**2 + 4*t + 1. Suppose -2*x = 25 - 15. Determine r(x).
6
Let k be (-66)/14 - 16/56. Let s(w) = w**2 + 5*w - 6. Determine s(k).
-6
Let g(h) = 5 - 7*h - h**2 + h + 3*h. Calculate g(-4).
1
Let f(c) = -4*c - 2 + 34*c**2 + 39*c**2 - 74*c**2 + 9. What is f(-5)?
2
Let z(g) = 3*g + 1. Let y = 0 - -1. Let l be z(y). Suppose l*m + 14 + 2 = 0. Let k(h) = h**2 + 5*h + 3. What is k(m)?
-1
Let c(s) = -2*s - 8. Let w(y) = y**2 - 5*y. Let j be w(6). Give c(j).
-20
Suppose 0*j = 5*j - c - 11, 3*c = -2*j + 18. Let b(d) = -d + 0 - 5*d + j + 5*d. What is b(3)?
0
Let p(i) = -8*i**2 + 1. Let w(z) = z**3 + 18*z**2 + 1. Let f be w(-18). Calculate p(f).
-7
Let x(j) = 0*j**3 - 4*j**2 - 2*j**3 + 3*j**3 + 5. Let r be (-836)/(-190) - (-4)/(-10). Give x(r).
5
Let w(m) = 2*m. Suppose -51 = -4*d + 5. Let a = 8 - d. Let g be (a/5)/(6/(-20)). Calculate w(g).
8
Let a be ((-16)/(-6))/2*-3. Let o(k) = -k**2 - 6*k - 6. Let v(c) = c**2 + 7*c + 7. Let p(g) = a*o(g) - 3*v(g). Give p(-3).
3
Let m(d) be the third derivative of -d**4/24 + 4*d**3/3 - 6*d**2. Determine m(6).
2
Let m(w) = -w**3 - 4*w**2 - 2*w - 2. Suppose -26 = 5*v - 6. Let y be (-3 - -3)/(v/2). Let h be -4 + y - (0 + 0). Determine m(h).
6
Suppose -3 = -2*x + 5*q, 2*q + 24 = -0*x - 3*x. Let y(w) = w**3 + 7*w**2 + 8*w + 8. Let d be y(x). Let u(p) = p**3 + 5*p**2 - 5. Calculate u(d).
11
Let m(q) = -q**3 + 2*q**2 - 1. Let i be 3*-1 - (-6 + 4). What is m(i)?
2
Let m(i) = i + 9. Suppose -3*o - 12 = 6. Let s be ((-8)/o)/((-1)/3). Let k be m(s). Let y(g) = g**3 - 5*g**2 + 2*g - 3. What is y(k)?
7
Let v(i) = -i**2 - 4*i - 2. Let t be 2/(8/6)*2. Suppose -t*y + y = 2. Let d be (4 + y)*4/(-6). Calculate v(d).
2
Let q be 10/(-55) + (-18)/22. Let a(g) = -2*g**3 + 2*g**2 + g. Give a(q).
3
Let l = -7 + 11. Let n = 3 - 6. Let x(v) = -3*v**3 - 13*v**2 + 5*v + 15. Let t(z) = 2*z**3 + 7*z**2 - 3*z - 8. Let w(y) = n*x(y) - 5*t(y). Determine w(l).
-5
Let b(m) = -5*m + 3 - 4 + 3*m. What is b(4)?
-9
Let a(d) = -d + 2. Let i be a(-2). Suppose -b = -4*p - 0*b + 10, 0 = -i*b + 8. Let t(j) = 1 + 6*j - 5*j - 3*j - 2. Determine t(p).
-7
Let x(i) be the first derivative of -i**2/2 + 6*i - 28. Let c = 0 - 0. Give x(c).
6
Let z(n) = -n - 7. Let c be z(-7). Let p = -4 + c. Let a(j) = -2*j + 0 - 2 + 3. Calculate a(p).
9
Let h(x) = -x + 8. Let g be h(8). Suppose 0 = 3*j - g*j + 12. Let i be j/14 + 156/(-42). Let l(p) = 2*p + 3. Determine l(i).
-5
Let r(j) = -j**2 - 2*j + 1. Let f = -2 - -1. Let s be (-4)/(f/(0 + -1)). Give r(s).
-7
Let d(g) = 3*g**3 + 5*g**2 + 3*g - 4. Let w be ((-4)/(-8))/((-2)/8). Let b(h) = -16*h**3 - 25*h**2 - 14*h + 20. Let t(j) = w*b(j) - 11*d(j). Calculate t(-4).
8
Let a(h) = 2*h - 180 - h + 179. Determine a(-4).
-5
Let g = -12 + 14. Let k(c) be the third derivative of 2*c**g - 1/4*c**4 + 1/10*c**5 - 1/120*c**6 + 2/3*c**3 + 0 + 0*c. Give k(5).
-1
Let j(h) = 1 - 5*h**3 + 4*h**3 + 4*h + 2*h**3 + h**2 + 4*h**2. Let q = -4 - -1. Give j(q).
7
Let c(q) = -3*q + 2. Suppose -4*j - o = -2*o + 6, 2*j - 5*o